{"id":352,"date":"2026-02-01T01:03:28","date_gmt":"2026-02-01T00:03:28","guid":{"rendered":"https:\/\/arbeitnehmer-forum.de\/wissen\/betriebsratslexikon\/br\/betriebliches-eingliederungsmanagement-bem\/"},"modified":"2026-02-01T13:00:30","modified_gmt":"2026-02-01T12:00:30","slug":"betriebliches-eingliederungsmanagement-bem","status":"publish","type":"betriebsratslexikon","link":"https:\/\/arbeitnehmer-forum.de\/wissen\/wissensdatenbank\/glossar\/betriebliches-eingliederungsmanagement-bem\/","title":{"rendered":"Betriebliches Eingliederungsmanagement (BEM)"},"content":{"rendered":"<h3 class=\"h3\">In K\u00fcrze<\/h3>\n<p>Betriebliches Eingliederungsmanagement (BEM) bezeichnet ein strukturiertes Verfahren zur Sicherung bestehender Arbeitsverh\u00e4ltnisse nach l\u00e4ngerer Arbeitsunf\u00e4higkeit. Es zielt auf die Kl\u00e4rung geeigneter Ma\u00dfnahmen unter Beteiligung der betroffenen Person.<\/p>\n<h3 class=\"h3\">Definition<\/h3>\n<p>Betriebliches Eingliederungsmanagement (BEM) ist ein arbeitsrechtliches Instrument. Es bezeichnet ein gesetzlich vorgesehenes, ergebnisoffenes Kl\u00e4rungsverfahren zur Sicherung der Besch\u00e4ftigungsf\u00e4higkeit erkrankter Besch\u00e4ftigter. Es liegt vor, wenn innerhalb eines Zeitraums von zw\u00f6lf Monaten Arbeitsunf\u00e4higkeit von mehr als sechs Wochen festgestellt ist. Das Verfahren dient der Feststellung geeigneter betrieblicher oder organisatorischer Ma\u00dfnahmen zur \u00dcberwindung bestehender Arbeitsunf\u00e4higkeit. Es erfasst alle Besch\u00e4ftigten unabh\u00e4ngig von Behinderung, Betriebsgr\u00f6\u00dfe oder Bestehen einer Interessenvertretung. Rechtsgrundlage ist \u00a7 167 Absatz 2 Neuntes Buch Sozialgesetzbuch, abgek\u00fcrzt SGB IX. Betriebliches Eingliederungsmanagement (BEM) begr\u00fcndet keine Verpflichtung zur Annahme oder Mitwirkung durch die betroffene Person. Es ist von der stufenweisen Wiedereingliederung nach dem Sozialversicherungsrecht abzugrenzen. Betriebliches Eingliederungsmanagement (BEM) hat insbesondere Bedeutung im Rahmen der Verh\u00e4ltnism\u00e4\u00dfigkeitspr\u00fcfung krankheitsbedingter K\u00fcndigungen.<\/p>\n","protected":false},"excerpt":{"rendered":"<p>In K\u00fcrze Betriebliches Eingliederungsmanagement (BEM) bezeichnet ein strukturiertes Verfahren zur Sicherung bestehender Arbeitsverh\u00e4ltnisse nach l\u00e4ngerer Arbeitsunf\u00e4higkeit. Es zielt auf die Kl\u00e4rung geeigneter Ma\u00dfnahmen unter Beteiligung der betroffenen Person. Definition Betriebliches Eingliederungsmanagement (BEM) ist ein arbeitsrechtliches Instrument. Es bezeichnet ein gesetzlich vorgesehenes, ergebnisoffenes Kl\u00e4rungsverfahren zur Sicherung der Besch\u00e4ftigungsf\u00e4higkeit erkrankter Besch\u00e4ftigter. Es liegt vor, wenn innerhalb eines [&hellip;]<\/p>\n","protected":false},"template":"","meta":{"footnotes":""},"glossary_category":[2],"glossary_tag":[],"class_list":["post-352","betriebsratslexikon","type-betriebsratslexikon","status-publish","hentry","glossary_category-begriff"],"_links":{"self":[{"href":"https:\/\/arbeitnehmer-forum.de\/wissen\/wp-json\/wp\/v2\/betriebsratslexikon\/352","targetHints":{"allow":["GET"]}}],"collection":[{"href":"https:\/\/arbeitnehmer-forum.de\/wissen\/wp-json\/wp\/v2\/betriebsratslexikon"}],"about":[{"href":"https:\/\/arbeitnehmer-forum.de\/wissen\/wp-json\/wp\/v2\/types\/betriebsratslexikon"}],"version-history":[{"count":3,"href":"https:\/\/arbeitnehmer-forum.de\/wissen\/wp-json\/wp\/v2\/betriebsratslexikon\/352\/revisions"}],"predecessor-version":[{"id":9064,"href":"https:\/\/arbeitnehmer-forum.de\/wissen\/wp-json\/wp\/v2\/betriebsratslexikon\/352\/revisions\/9064"}],"wp:attachment":[{"href":"https:\/\/arbeitnehmer-forum.de\/wissen\/wp-json\/wp\/v2\/media?parent=352"}],"wp:term":[{"taxonomy":"glossary_category","embeddable":true,"href":"https:\/\/arbeitnehmer-forum.de\/wissen\/wp-json\/wp\/v2\/glossary_category?post=352"},{"taxonomy":"glossary_tag","embeddable":true,"href":"https:\/\/arbeitnehmer-forum.de\/wissen\/wp-json\/wp\/v2\/glossary_tag?post=352"}],"curies":[{"name":"wp","href":"https:\/\/api.w.org\/{rel}","templated":true}]}}

<h3 class="h3">In Kürze</h3>
<p>Betriebliches Eingliederungsmanagement (BEM) bezeichnet ein strukturiertes Verfahren zur Sicherung bestehender Arbeitsverhältnisse nach längerer Arbeitsunfähigkeit. Es zielt auf die Klärung geeigneter Maßnahmen unter Beteiligung der betroffenen Person.</p>
<h3 class="h3">Definition</h3>
<p>Betriebliches Eingliederungsmanagement (BEM) ist ein arbeitsrechtliches Instrument. Es bezeichnet ein gesetzlich vorgesehenes, ergebnisoffenes Klärungsverfahren zur Sicherung der Beschäftigungsfähigkeit erkrankter Beschäftigter. Es liegt vor, wenn innerhalb eines Zeitraums von zwölf Monaten Arbeitsunfähigkeit von mehr als sechs Wochen festgestellt ist. Das Verfahren dient der Feststellung geeigneter betrieblicher oder organisatorischer Maßnahmen zur Überwindung bestehender Arbeitsunfähigkeit. Es erfasst alle Beschäftigten unabhängig von Behinderung, Betriebsgröße oder Bestehen einer Interessenvertretung. Rechtsgrundlage ist § 167 Absatz 2 Neuntes Buch Sozialgesetzbuch, abgekürzt SGB IX. Betriebliches Eingliederungsmanagement (BEM) begründet keine Verpflichtung zur Annahme oder Mitwirkung durch die betroffene Person. Es ist von der stufenweisen Wiedereingliederung nach dem Sozialversicherungsrecht abzugrenzen. Betriebliches Eingliederungsmanagement (BEM) hat insbesondere Bedeutung im Rahmen der Verhältnismäßigkeitsprüfung krankheitsbedingter Kündigungen.</p>

<p>In Kürze Betriebliches Eingliederungsmanagement (BEM) bezeichnet ein strukturiertes Verfahren zur Sicherung bestehender Arbeitsverhältnisse nach längerer Arbeitsunfähigkeit. Es zielt auf die Klärung geeigneter Maßnahmen unter Beteiligung der betroffenen Person. Definition Betriebliches Eingliederungsmanagement (BEM) ist ein arbeitsrechtliches Instrument. Es bezeichnet ein gesetzlich vorgesehenes, ergebnisoffenes Klärungsverfahren zur Sicherung der Beschäftigungsfähigkeit erkrankter Beschäftigter. Es liegt vor, wenn innerhalb eines [&hellip;]</p>
