{"id":794,"date":"2026-02-01T01:03:36","date_gmt":"2026-02-01T00:03:36","guid":{"rendered":"https:\/\/arbeitnehmer-forum.de\/wissen\/betriebsratslexikon\/br\/freiwilliges-soziales-jahr\/"},"modified":"2026-02-01T13:00:44","modified_gmt":"2026-02-01T12:00:44","slug":"freiwilliges-soziales-jahr","status":"publish","type":"betriebsratslexikon","link":"https:\/\/arbeitnehmer-forum.de\/wissen\/wissensdatenbank\/glossar\/freiwilliges-soziales-jahr\/","title":{"rendered":"Freiwilliges Soziales Jahr"},"content":{"rendered":"<h3 class=\"h3\">In K\u00fcrze<\/h3>\n<p>Das Freiwilliges Soziales Jahr ist ein gesetzlich geregelter Jugendfreiwilligendienst in gemeinwohlorientierten Einsatzstellen. Es dient der zeitlich befristeten praktischen Mitarbeit mit p\u00e4dagogischer Begleitung.<\/p>\n<h3 class=\"h3\">Definition<\/h3>\n<p>Freiwilliges Soziales Jahr ist ein arbeitsrechtlicher Begriff mit \u00f6ffentlich-rechtlicher Ausgestaltung nach spezialgesetzlichen Vorgaben. Das Freiwilliges Soziales Jahr bezeichnet einen zeitlich befristeten, ganzt\u00e4gigen Jugendfreiwilligendienst in gemeinwohlorientierten Einsatzstellen. Er liegt vor, wenn Vollzeitschulpflicht erf\u00fcllt ist, Altersgrenzen eingehalten werden und eine anerkannte Einsatzstelle zugewiesen ist. Die Durchf\u00fchrung erfordert eine p\u00e4dagogische Begleitung, festgelegte Seminarzeiten und eine Vereinbarung zwischen Tr\u00e4ger und Teilnehmenden. Rechtsgrundlage ist das Jugendfreiwilligendienstegesetz JFDG, welches Status, Dauer, Teilzeitm\u00f6glichkeiten und Versicherungspflichten verbindlich regelt. Teilnehmende sind kraft Gesetzes in Kranken-, Pflege-, Renten-, Unfall- und Arbeitslosenversicherung pflichtversichert. Die Dauer des Freiwilliges Soziales Jahr ist befristet und innerhalb gesetzlicher Mindest- und H\u00f6chstgrenzen festgelegt. Eine gesetzliche Verpflichtung zur Begr\u00fcndung eines Arbeitsverh\u00e4ltnisses entsteht durch den Dienst nicht. Abzugrenzen ist der Dienst vom Bundesfreiwilligendienst, der anderen Alters- und Organisationsvorgaben unterliegt. Das Freiwilliges Soziales Jahr wird h\u00e4ufig zur \u00dcberbr\u00fcckung genutzt und beeinflusst sozialversicherungsrechtliche Meldungen.<\/p>\n","protected":false},"excerpt":{"rendered":"<p>In K\u00fcrze Das Freiwilliges Soziales Jahr ist ein gesetzlich geregelter Jugendfreiwilligendienst in gemeinwohlorientierten Einsatzstellen. Es dient der zeitlich befristeten praktischen Mitarbeit mit p\u00e4dagogischer Begleitung. Definition Freiwilliges Soziales Jahr ist ein arbeitsrechtlicher Begriff mit \u00f6ffentlich-rechtlicher Ausgestaltung nach spezialgesetzlichen Vorgaben. Das Freiwilliges Soziales Jahr bezeichnet einen zeitlich befristeten, ganzt\u00e4gigen Jugendfreiwilligendienst in gemeinwohlorientierten Einsatzstellen. Er liegt vor, wenn [&hellip;]<\/p>\n","protected":false},"template":"","meta":{"footnotes":""},"glossary_category":[2],"glossary_tag":[],"class_list":["post-794","betriebsratslexikon","type-betriebsratslexikon","status-publish","hentry","glossary_category-begriff"],"_links":{"self":[{"href":"https:\/\/arbeitnehmer-forum.de\/wissen\/wp-json\/wp\/v2\/betriebsratslexikon\/794","targetHints":{"allow":["GET"]}}],"collection":[{"href":"https:\/\/arbeitnehmer-forum.de\/wissen\/wp-json\/wp\/v2\/betriebsratslexikon"}],"about":[{"href":"https:\/\/arbeitnehmer-forum.de\/wissen\/wp-json\/wp\/v2\/types\/betriebsratslexikon"}],"version-history":[{"count":3,"href":"https:\/\/arbeitnehmer-forum.de\/wissen\/wp-json\/wp\/v2\/betriebsratslexikon\/794\/revisions"}],"predecessor-version":[{"id":9510,"href":"https:\/\/arbeitnehmer-forum.de\/wissen\/wp-json\/wp\/v2\/betriebsratslexikon\/794\/revisions\/9510"}],"wp:attachment":[{"href":"https:\/\/arbeitnehmer-forum.de\/wissen\/wp-json\/wp\/v2\/media?parent=794"}],"wp:term":[{"taxonomy":"glossary_category","embeddable":true,"href":"https:\/\/arbeitnehmer-forum.de\/wissen\/wp-json\/wp\/v2\/glossary_category?post=794"},{"taxonomy":"glossary_tag","embeddable":true,"href":"https:\/\/arbeitnehmer-forum.de\/wissen\/wp-json\/wp\/v2\/glossary_tag?post=794"}],"curies":[{"name":"wp","href":"https:\/\/api.w.org\/{rel}","templated":true}]}}

<h3 class="h3">In Kürze</h3>
<p>Das Freiwilliges Soziales Jahr ist ein gesetzlich geregelter Jugendfreiwilligendienst in gemeinwohlorientierten Einsatzstellen. Es dient der zeitlich befristeten praktischen Mitarbeit mit pädagogischer Begleitung.</p>
<h3 class="h3">Definition</h3>
<p>Freiwilliges Soziales Jahr ist ein arbeitsrechtlicher Begriff mit öffentlich-rechtlicher Ausgestaltung nach spezialgesetzlichen Vorgaben. Das Freiwilliges Soziales Jahr bezeichnet einen zeitlich befristeten, ganztägigen Jugendfreiwilligendienst in gemeinwohlorientierten Einsatzstellen. Er liegt vor, wenn Vollzeitschulpflicht erfüllt ist, Altersgrenzen eingehalten werden und eine anerkannte Einsatzstelle zugewiesen ist. Die Durchführung erfordert eine pädagogische Begleitung, festgelegte Seminarzeiten und eine Vereinbarung zwischen Träger und Teilnehmenden. Rechtsgrundlage ist das Jugendfreiwilligendienstegesetz JFDG, welches Status, Dauer, Teilzeitmöglichkeiten und Versicherungspflichten verbindlich regelt. Teilnehmende sind kraft Gesetzes in Kranken-, Pflege-, Renten-, Unfall- und Arbeitslosenversicherung pflichtversichert. Die Dauer des Freiwilliges Soziales Jahr ist befristet und innerhalb gesetzlicher Mindest- und Höchstgrenzen festgelegt. Eine gesetzliche Verpflichtung zur Begründung eines Arbeitsverhältnisses entsteht durch den Dienst nicht. Abzugrenzen ist der Dienst vom Bundesfreiwilligendienst, der anderen Alters- und Organisationsvorgaben unterliegt. Das Freiwilliges Soziales Jahr wird häufig zur Überbrückung genutzt und beeinflusst sozialversicherungsrechtliche Meldungen.</p>

<p>In Kürze Das Freiwilliges Soziales Jahr ist ein gesetzlich geregelter Jugendfreiwilligendienst in gemeinwohlorientierten Einsatzstellen. Es dient der zeitlich befristeten praktischen Mitarbeit mit pädagogischer Begleitung. Definition Freiwilliges Soziales Jahr ist ein arbeitsrechtlicher Begriff mit öffentlich-rechtlicher Ausgestaltung nach spezialgesetzlichen Vorgaben. Das Freiwilliges Soziales Jahr bezeichnet einen zeitlich befristeten, ganztägigen Jugendfreiwilligendienst in gemeinwohlorientierten Einsatzstellen. Er liegt vor, wenn [&hellip;]</p>
